 0. What are the prime factors of f?
2, 5
Let i(z) = -z**2 + 0*z + 5*z + 22 - 4*z. List the prime factors of i(0).
2, 11
Let w(m) = m**3 - 3*m**2 - 13*m + 30. List the prime factors of w(5).
3, 5
Let w = 31 - 29. Let b(j) = -j - 39*j**2 + 51*j**2 - 4*j + 2 + 4*j. List the prime factors of b(w).
2, 3
Let v(y) = y**3 + 2*y**2 - 7*y + 1. Let z(o) = -o**2 + o + 1. Let q(p) = -v(p) + 3*z(p). Let d be q(-7). Suppose -d = -5*a - 0. What are the prime factors of a?
2, 3
Let j = 793 - 74. What are the prime factors of j?
719
Suppose 0 = -11*v + 7441 + 5660. What are the prime factors of v?
3, 397
Let f be (-2 - -3)/(1/(-21)). Let i = f - -24. Suppose i*z - 126 = -51. What are the prime factors of z?
5
Let s = 68 - 80. List the prime factors of 30/s + 3 - 157/(-2).
79
Let l = -46 + 56. Let v = l - 5. What are the prime factors of v?
5
Suppose 0 = -3*v + 2*u - 0*u + 112, -127 = -3*v + 5*u. Suppose 3*c + v = -2*n, 4*n - 5*c = -37 - 9. Let g = n - -24. What are the prime factors of g?
2, 5
Suppose 42*x - 44*x = 3*u - 5668, 2*x + 1884 = u. List the prime factors of u.
2, 59
Let x = -568 - -1380. List the prime factors of x.
2, 7, 29
Let i = -95 + 149. Let a be 3 - ((-20)/8 + 5)*-2. Suppose 0 = -q + a + i. What are the prime factors of q?
2, 31
Let y be -13 - (-2 + 6 + 6/(-3)). Let f = -8 - y. List the prime factors of f.
7
Suppose -c = -5*f - 4, 3*f = c - 6 + 2. Let d(z) = z**2 + 5*z + 2. What are the prime factors of d(c)?
2, 19
Suppose 2170 = 4*w - l, w - 11*l - 544 = -10*l. What are the prime factors of w?
2, 271
Let z(v) = -2*v + 29. Let n(x) = -21*x. Let t be n(1). Let l be 4/(-14) + (-6)/t. List the prime factors of z(l).
29
Suppose w + 26 = 2*z - 4*w, 4*w + 53 = 3*z. What are the prime factors of (17 - z)*(-2)/4?
3
Suppose 0 = -2*s + 60 + 26. Let z = s - -9. Suppose -2*h + z = -0*h. List the prime factors of h.
2, 13
Let a = 11792 + -7278. What are the prime factors of a?
2, 37, 61
Suppose 0 = r - 2, 197 = -3*i + 3*r + 803. List the prime factors of i.
2, 3, 17
Suppose -b = -2*q + 930 - 4738, 2*b - 7640 = -2*q. What are the prime factors of b?
2, 3, 53
Suppose -y = -16 + 7. Let q(t) = t**3 - 9*t**2 + 6*t + 6. List the prime factors of q(y).
2, 3, 5
Let j(f) = -2*f**2 + 24*f + 2. Let u be j(-7). Let c = u + 380. List the prime factors of c.
2, 29
Let o(m) = 2*m**2 - 31*m + 18. Let c be o(15). Let i(j) = -j**3 + 8*j**2 - 4*j + 5. What are the prime factors of i(c)?
2, 19
Let s(g) = 9*g**2 - 2*g - 1. Let z = 9 + -10. Let a be s(z). Suppose 2*u - 36 = -a. List the prime factors of u.
13
Let q(u) = -2*u - 19. Let v be (-11)/1*(-2)/(-2). Let s be q(v). Suppose -5 = -5*l, -s*l = -4*f + 150 + 59. What are the prime factors of f?
53
Let p(k) = 2*k**2 + 2*k - 6. Suppose -32 = -5*r - 12. What are the prime factors of p(r)?
2, 17
Suppose -2*y - 4*h = -2684, -22*y + h = -17*y - 6721. What are the prime factors of y?
2, 3, 7
Let x be ((-27)/4)/((-21)/15008). List the prime factors of 2/(-8) + x/96.
2, 5
Let y = 45 + -43. List the prime factors of 476/36 + y/(-9).
13
Suppose 10*b - 8*b = 944. What are the prime factors of b?
2, 59
Suppose 53 = x + 9. Suppose 5*m = x - 4. What are the prime factors of m?
2
What are the prime factors of 15 - (-4 + -7 - -4)?
2, 11
Suppose -3*t = 4*z + t - 380, 0 = 3*t. Suppose z = -5*q + 10. Let m = 12 - q. List the prime factors of m.
29
Let l = -1015 - -2571. What are the prime factors of l?
2, 389
Let v be 36/(-5)*140/(-8). Suppose -13 = -10*z + 27. Suppose s + v = z*s. List the prime factors of s.
2, 3, 7
Let w be 60/25 - (-4)/(-10). Let i be (1 + 0 - 11)/(-1). List the prime factors of w/(-10) + 72/i.
7
Let f = 15 - 12. Suppose 0 = 2*h - 7*h + 3*g + 155, 0 = -5*h - 3*g + 185. Suppose 2*o = -f*o + 3*m + h, 3*m + 2 = o. List the prime factors of o.
2
Let o(c) = 3*c**2 + 3*c + 18. List the prime factors of o(-33).
2, 3, 59
Suppose 7*i = 739 + 80. Let h = i + -13. What are the prime factors of h?
2, 13
Suppose 10 = 5*m - 5. Suppose 0 = 3*d - 5*z - 25, d + 4*z = m*d - 18. Suppose d*x = 3*x - 4*u + 12, 4*x - 4*u = 24. What are the prime factors of x?
2, 3
Suppose 25 = -2*p + 7*p. Suppose -308 = -3*r - p*x, 5*r + 0*r - 2*x = 534. What are the prime factors of r?
2, 53
Suppose -344*l - 82096 = -372*l. What are the prime factors of l?
2, 733
Suppose -14*i = 3*d - 17*i - 441, 3*i - 163 = -d. List the prime factors of d.
151
What are the prime factors of (9 - (-25 + 7))/((-3)/(-206))?
2, 3, 103
Let j(f) = 0 + 2 - 9 - 8*f + 2*f**2 - 4. What are the prime factors of j(8)?
53
Suppose 4 = -4*x - 48. Let k be (-2)/x + 74/26. Suppose 3*r - 81 = 3*o, k*r = -5*o - 5 + 54. What are the prime factors of r?
23
Let q(b) = 29*b**2 + 2*b. Let n be q(1). Let s = -1 + 20. Let z = n - s. List the prime factors of z.
2, 3
Let v(a) = -7*a**3 + 10*a**2 + 7*a + 7. List the prime factors of v(-4).
587
Let y(d) = -d**3 - 7*d**2 + 7*d + 1. Let v be y(-8). Let f(h) = -9*h**2. Let i be f(1). Let x = v - i. What are the prime factors of x?
2, 3
Let t = -3020 + 4778. What are the prime factors of t?
2, 3, 293
What are the prime factors of 12 - 6 - (2 + -970)?
2, 487
Let g(q) = -q - 11. Let a be g(-12). Let n(o) = -o**2 + 9*o - 10. Let x be n(7). Suppose -a = x*p - 33. List the prime factors of p.
2
What are the prime factors of (-14)/((-56)/(-12)) - (-2 + -1929)?
2, 241
Let x(u) = 2*u**2 - 4*u. Let b be x(-3). Suppose v + b = 6*v. What are the prime factors of v?
2, 3
Let r be 1 + -1 + (2 - -8) + -5. Suppose -r*g = 3*a - 140, 11*a - 6*a = -2*g + 56. List the prime factors of g.
2, 7
Suppose 65 = 2*p - 121. Let d = p - 35. What are the prime factors of d?
2, 29
Let f = -830 + 1549. List the prime factors of f.
719
Let z(p) = -2*p**3 + 3*p**2 + 5*p - 5. List the prime factors of z(-4).
151
Suppose -6 = -0*k - 2*k. Let v be (30/18)/(1/3). Suppose -v*y + k*i - i = -25, y - 22 = -3*i. What are the prime factors of y?
7
Let p(v) = -2*v + 16. Let i be p(11). Let j be (-4)/i - (-140)/42. Suppose -d + 2*d = -4*m + 76, 0 = -j*d - 16. What are the prime factors of m?
2, 5
Let c(t) = t**2 + 8*t + 14. Suppose 49*o - 52*o = 30. List the prime factors of c(o).
2, 17
Suppose -3*i = 0, i = 5*b - 2164 + 669. What are the prime factors of b?
13, 23
Suppose 741*z = 730*z + 28358. What are the prime factors of z?
2, 1289
Let r = 11 + 23. Let o be (-15)/2*(-28)/10. What are the prime factors of (r/3)/(14/o)?
17
Suppose 0*v - 6 = -3*v. Suppose 2*t - 208 = -v*g, -2*g + 212 = 2*t + g. Suppose -z - 3*z = -t. What are the prime factors of z?
5
Suppose 4*y - c = -3*c - 206, 3*y = 3*c - 159. List the prime factors of 12/(-3) - (y + -5).
53
Suppose 47 + 8 = 5*v. Suppose 8*a - 15 = v*a. What are the prime factors of 1/(25/(-235))*a?
47
Let g(s) = s**2 + 7*s - 15. Let a be g(-9). Suppose 516 = 3*q - 3*f, q - 29 = -a*f + 163. What are the prime factors of q?
3, 59
Let k = -33 - -34. Let w be -1 + -92 + 2 + k. Let i = 154 + w. List the prime factors of i.
2
Let n(w) = -49*w + 20. What are the prime factors of n(-8)?
2, 103
Suppose -3*l = -3*p - 5 + 8, 0 = -2*p + l. Let c(n) be the third derivative of -19*n**6/60 + n**5/60 + 2*n**2. What are the prime factors of c(p)?
3, 13
Suppose -2*a + 5*a - 604 = -4*m, 3*m = -2*a + 454. List the prime factors of m.
2, 7, 11
Let h = 27 + -15. Let o = 17 - h. Suppose o*p - 2 = 2*s + 23, 4*p - 3 = 5*s. What are the prime factors of p?
7
Let g = -12 + 15. Suppose t + v - 1 = 2, g*v - 12 = -4*t. Suppose -2*l - t + 71 = 0. List the prime factors of l.
2, 17
Suppose -2*n + 17 = 3*w - 9, -5*w = 5*n - 50. Suppose 3*v = -z + v - w, 2*z - 3*v = -5. Let s(m) = m**2 - 2*m + 3. What are the prime factors of s(z)?
3
Suppose 4*n - 2*d + 0*d = 904, -3*d = -n + 226. List the prime factors of n.
2, 113
Let c(b) = -b**3 - 10*b**2 - 7*b + 6. Let w be c(-8). Let i = 99 + w. List the prime factors of i.
3, 11
Let o be (1/(-4))/(2/(-32)). Suppose -o*f + 120 = y - 68, -2*f = 0. List the prime factors of y.
2, 47
Suppose 5*w = -6 + 16. Suppose l = -x - w*l + 7, 2*l = 0. List the prime factors of x.
7
Suppose u = 2*v - 7*v - 1548, 318 = -v + 4*u. Let b = 567 + v. What are the prime factors of b?
257
Let q = 1939 + 3704. What are the prime factors of q?
3, 11, 19
Let m = -1 + 8. Let w be 2 - ((-2)/(-5) - (-36)/(-15)). Suppose m*y - w*y = 177. List the prime factors of y.
59
Suppose 28*y 